{"id":3788,"date":"2024-05-17T10:51:00","date_gmt":"2024-05-17T10:51:00","guid":{"rendered":"https:\/\/www.niemisofa.ee\/?post_type=al_product&#038;p=3788"},"modified":"2026-04-28T10:40:48","modified_gmt":"2026-04-28T10:40:48","slug":"sherpa-nojatuoli_1","status":"publish","type":"al_product","link":"https:\/\/www.niemisofa.ee\/en\/tuotteet\/sherpa-nojatuoli_1\/","title":{"rendered":"SHERPA ARMCHAIR"},"content":{"rendered":"<p>Sherpa-nojatuolissa on kaarevan muotoiset, puiset k\u00e4sinojat, joilla k\u00e4sivarret saavat rentoutua. Tuolissa on ryhdik\u00e4s istuvuus ja tukeva puurunko. Tuoli on istuttavuudeltaan ryhdikk\u00e4\u00e4n j\u00e4m\u00e4kk\u00e4, istumakorkeus on 45 cm.<br \/>\nLis\u00e4ksi tuolissa on tukeva puurunko, istuintyynyss\u00e4 ja selk\u00e4nojassa on korkeakimmoinen ja palosuojattu HR-35-vaahtomuovi.<br \/>\nTuolin runko on valmistettu koivuvanerista. K\u00e4sinojan ja jalkojen v\u00e4rit ovat koivu, tammi, kirsikka ja p\u00e4hkina.<br \/>\nSaatavilla harmonisissa harmaan ja vaaleanharmaan v\u00e4reiss\u00e4 tai tlaajan toiveiden mukaisella kankaalla p\u00e4\u00e4llystettyn\u00e4. Nojatuoli valmistetaan omalla tehtaallamme Virossa.<\/p>","protected":false},"excerpt":{"rendered":"<p>Sherpa-nojatuolissa on kaarevan muotoiset, puiset k\u00e4sinojat, joilla k\u00e4sivarret saavat rentoutua. Tuolissa on ryhdik\u00e4s istuvuus ja tukeva puurunko. Tuoli on istuttavuudeltaan ryhdikk\u00e4\u00e4n j\u00e4m\u00e4kk\u00e4, istumakorkeus on 45 cm. Lis\u00e4ksi tuolissa on tukeva puurunko, istuintyynyss\u00e4 ja selk\u00e4nojassa on korkeakimmoinen ja palosuojattu HR-35-vaahtomuovi. Tuolin runko on valmistettu koivuvanerista. K\u00e4sinojan ja jalkojen v\u00e4rit ovat koivu, tammi, kirsikka ja p\u00e4hkina. Saatavilla [&hellip;]<\/p>\n","protected":false},"featured_media":3795,"template":"","al_product-cat":[262,250,249,252,322,18],"class_list":["post-3788","al_product","type-al_product","status-publish","has-post-thumbnail","hentry","al_product-cat-hotellit-ravintolat","al_product-cat-kalusteet-julkitiloihin","al_product-cat-kalusteet-kotiin","al_product-cat-neuvottelukalusteet","al_product-cat-nojatuolit","al_product-cat-tugitoolid"],"acf":[],"yoast_head":"<!-- This site is optimized with the Yoast SEO plugin v27.0 - https:\/\/yoast.com\/product\/yoast-seo-wordpress\/ -->\n<title>SHERPA NOJATUOLI - Niemi Sofa<\/title>\n<meta name=\"robots\" content=\"index, follow, max-snippet:-1, max-image-preview:large, max-video-preview:-1\" \/>\n<link rel=\"canonical\" href=\"https:\/\/www.niemisofa.ee\/en\/tuotteet\/sherpa-nojatuoli_1\/\" \/>\n<meta property=\"og:locale\" content=\"en_GB\" \/>\n<meta property=\"og:type\" content=\"article\" \/>\n<meta property=\"og:title\" content=\"SHERPA NOJATUOLI - Niemi Sofa\" \/>\n<meta property=\"og:description\" content=\"Sherpa-nojatuolissa on kaarevan muotoiset, puiset k\u00e4sinojat, joilla k\u00e4sivarret saavat rentoutua. Tuolissa on ryhdik\u00e4s istuvuus ja tukeva puurunko. Tuoli on istuttavuudeltaan ryhdikk\u00e4\u00e4n j\u00e4m\u00e4kk\u00e4, istumakorkeus on 45 cm. Lis\u00e4ksi tuolissa on tukeva puurunko, istuintyynyss\u00e4 ja selk\u00e4nojassa on korkeakimmoinen ja palosuojattu HR-35-vaahtomuovi. Tuolin runko on valmistettu koivuvanerista. K\u00e4sinojan ja jalkojen v\u00e4rit ovat koivu, tammi, kirsikka ja p\u00e4hkina. Saatavilla [&hellip;]\" \/>\n<meta property=\"og:url\" content=\"https:\/\/www.niemisofa.ee\/en\/tuotteet\/sherpa-nojatuoli_1\/\" \/>\n<meta property=\"og:site_name\" content=\"Niemi Sofa\" \/>\n<meta property=\"article:publisher\" content=\"https:\/\/www.facebook.com\/profile.php?id=61568583511594\" \/>\n<meta property=\"article:modified_time\" content=\"2026-04-28T10:40:48+00:00\" \/>\n<meta property=\"og:image\" content=\"https:\/\/www.niemisofa.ee\/wp-content\/uploads\/2024\/05\/Sherpa-1920x1280-1.jpg\" \/>\n\t<meta property=\"og:image:width\" content=\"1920\" \/>\n\t<meta property=\"og:image:height\" content=\"1280\" \/>\n\t<meta property=\"og:image:type\" content=\"image\/jpeg\" \/>\n<meta name=\"twitter:card\" content=\"summary_large_image\" \/>\n<meta name=\"twitter:label1\" content=\"Estimated reading time\" \/>\n\t<meta name=\"twitter:data1\" content=\"1 minute\" \/>\n<script type=\"application\/ld+json\" class=\"yoast-schema-graph\">{\"@context\":\"https:\/\/schema.org\",\"@graph\":[{\"@type\":\"WebPage\",\"@id\":\"https:\/\/www.niemisofa.ee\/tuotteet\/sherpa-nojatuoli_1\/\",\"url\":\"https:\/\/www.niemisofa.ee\/tuotteet\/sherpa-nojatuoli_1\/\",\"name\":\"SHERPA NOJATUOLI - Niemi Sofa\",\"isPartOf\":{\"@id\":\"https:\/\/www.niemisofa.ee\/#website\"},\"primaryImageOfPage\":{\"@id\":\"https:\/\/www.niemisofa.ee\/tuotteet\/sherpa-nojatuoli_1\/#primaryimage\"},\"image\":{\"@id\":\"https:\/\/www.niemisofa.ee\/tuotteet\/sherpa-nojatuoli_1\/#primaryimage\"},\"thumbnailUrl\":\"https:\/\/www.niemisofa.ee\/wp-content\/uploads\/2024\/05\/Sherpa-1920x1280-1.jpg\",\"datePublished\":\"2024-05-17T10:51:00+00:00\",\"dateModified\":\"2026-04-28T10:40:48+00:00\",\"breadcrumb\":{\"@id\":\"https:\/\/www.niemisofa.ee\/tuotteet\/sherpa-nojatuoli_1\/#breadcrumb\"},\"inLanguage\":\"en-GB\",\"potentialAction\":[{\"@type\":\"ReadAction\",\"target\":[\"https:\/\/www.niemisofa.ee\/tuotteet\/sherpa-nojatuoli_1\/\"]}]},{\"@type\":\"ImageObject\",\"inLanguage\":\"en-GB\",\"@id\":\"https:\/\/www.niemisofa.ee\/tuotteet\/sherpa-nojatuoli_1\/#primaryimage\",\"url\":\"https:\/\/www.niemisofa.ee\/wp-content\/uploads\/2024\/05\/Sherpa-1920x1280-1.jpg\",\"contentUrl\":\"https:\/\/www.niemisofa.ee\/wp-content\/uploads\/2024\/05\/Sherpa-1920x1280-1.jpg\",\"width\":1920,\"height\":1280},{\"@type\":\"BreadcrumbList\",\"@id\":\"https:\/\/www.niemisofa.ee\/tuotteet\/sherpa-nojatuoli_1\/#breadcrumb\",\"itemListElement\":[{\"@type\":\"ListItem\",\"position\":1,\"name\":\"Home\",\"item\":\"https:\/\/www.niemisofa.ee\/\"},{\"@type\":\"ListItem\",\"position\":2,\"name\":\"Products\",\"item\":\"https:\/\/www.niemisofa.ee\/fi\/tuotteet\/\"},{\"@type\":\"ListItem\",\"position\":3,\"name\":\"SHERPA NOJATUOLI\"}]},{\"@type\":\"WebSite\",\"@id\":\"https:\/\/www.niemisofa.ee\/#website\",\"url\":\"https:\/\/www.niemisofa.ee\/\",\"name\":\"Niemi Sofa\",\"description\":\"Pehme m&ouml;&ouml;bel Eestist!\",\"publisher\":{\"@id\":\"https:\/\/www.niemisofa.ee\/#organization\"},\"potentialAction\":[{\"@type\":\"SearchAction\",\"target\":{\"@type\":\"EntryPoint\",\"urlTemplate\":\"https:\/\/www.niemisofa.ee\/?s={search_term_string}\"},\"query-input\":{\"@type\":\"PropertyValueSpecification\",\"valueRequired\":true,\"valueName\":\"search_term_string\"}}],\"inLanguage\":\"en-GB\"},{\"@type\":\"Organization\",\"@id\":\"https:\/\/www.niemisofa.ee\/#organization\",\"name\":\"Niemi Sofa\",\"url\":\"https:\/\/www.niemisofa.ee\/\",\"logo\":{\"@type\":\"ImageObject\",\"inLanguage\":\"en-GB\",\"@id\":\"https:\/\/www.niemisofa.ee\/#\/schema\/logo\/image\/\",\"url\":\"https:\/\/www.niemisofa.ee\/wp-content\/uploads\/2024\/02\/logo.jpg\",\"contentUrl\":\"https:\/\/www.niemisofa.ee\/wp-content\/uploads\/2024\/02\/logo.jpg\",\"width\":254,\"height\":63,\"caption\":\"Niemi Sofa\"},\"image\":{\"@id\":\"https:\/\/www.niemisofa.ee\/#\/schema\/logo\/image\/\"},\"sameAs\":[\"https:\/\/www.facebook.com\/profile.php?id=61568583511594\",\"https:\/\/www.instagram.com\/niemisofa\/\"]}]}<\/script>\n<!-- \/ Yoast SEO plugin. -->","yoast_head_json":{"title":"SHERPA ARMCHAIR - Niemi Sofa","robots":{"index":"index","follow":"follow","max-snippet":"max-snippet:-1","max-image-preview":"max-image-preview:large","max-video-preview":"max-video-preview:-1"},"canonical":"https:\/\/www.niemisofa.ee\/en\/tuotteet\/sherpa-nojatuoli_1\/","og_locale":"en_GB","og_type":"article","og_title":"SHERPA NOJATUOLI - Niemi Sofa","og_description":"Sherpa-nojatuolissa on kaarevan muotoiset, puiset k\u00e4sinojat, joilla k\u00e4sivarret saavat rentoutua. Tuolissa on ryhdik\u00e4s istuvuus ja tukeva puurunko. Tuoli on istuttavuudeltaan ryhdikk\u00e4\u00e4n j\u00e4m\u00e4kk\u00e4, istumakorkeus on 45 cm. Lis\u00e4ksi tuolissa on tukeva puurunko, istuintyynyss\u00e4 ja selk\u00e4nojassa on korkeakimmoinen ja palosuojattu HR-35-vaahtomuovi. Tuolin runko on valmistettu koivuvanerista. K\u00e4sinojan ja jalkojen v\u00e4rit ovat koivu, tammi, kirsikka ja p\u00e4hkina. Saatavilla [&hellip;]","og_url":"https:\/\/www.niemisofa.ee\/en\/tuotteet\/sherpa-nojatuoli_1\/","og_site_name":"Niemi Sofa","article_publisher":"https:\/\/www.facebook.com\/profile.php?id=61568583511594","article_modified_time":"2026-04-28T10:40:48+00:00","og_image":[{"width":1920,"height":1280,"url":"https:\/\/www.niemisofa.ee\/wp-content\/uploads\/2024\/05\/Sherpa-1920x1280-1.jpg","type":"image\/jpeg"}],"twitter_card":"summary_large_image","twitter_misc":{"Estimated reading time":"1 minute"},"schema":{"@context":"https:\/\/schema.org","@graph":[{"@type":"WebPage","@id":"https:\/\/www.niemisofa.ee\/tuotteet\/sherpa-nojatuoli_1\/","url":"https:\/\/www.niemisofa.ee\/tuotteet\/sherpa-nojatuoli_1\/","name":"SHERPA ARMCHAIR - Niemi Sofa","isPartOf":{"@id":"https:\/\/www.niemisofa.ee\/#website"},"primaryImageOfPage":{"@id":"https:\/\/www.niemisofa.ee\/tuotteet\/sherpa-nojatuoli_1\/#primaryimage"},"image":{"@id":"https:\/\/www.niemisofa.ee\/tuotteet\/sherpa-nojatuoli_1\/#primaryimage"},"thumbnailUrl":"https:\/\/www.niemisofa.ee\/wp-content\/uploads\/2024\/05\/Sherpa-1920x1280-1.jpg","datePublished":"2024-05-17T10:51:00+00:00","dateModified":"2026-04-28T10:40:48+00:00","breadcrumb":{"@id":"https:\/\/www.niemisofa.ee\/tuotteet\/sherpa-nojatuoli_1\/#breadcrumb"},"inLanguage":"en-GB","potentialAction":[{"@type":"ReadAction","target":["https:\/\/www.niemisofa.ee\/tuotteet\/sherpa-nojatuoli_1\/"]}]},{"@type":"ImageObject","inLanguage":"en-GB","@id":"https:\/\/www.niemisofa.ee\/tuotteet\/sherpa-nojatuoli_1\/#primaryimage","url":"https:\/\/www.niemisofa.ee\/wp-content\/uploads\/2024\/05\/Sherpa-1920x1280-1.jpg","contentUrl":"https:\/\/www.niemisofa.ee\/wp-content\/uploads\/2024\/05\/Sherpa-1920x1280-1.jpg","width":1920,"height":1280},{"@type":"BreadcrumbList","@id":"https:\/\/www.niemisofa.ee\/tuotteet\/sherpa-nojatuoli_1\/#breadcrumb","itemListElement":[{"@type":"ListItem","position":1,"name":"Home","item":"https:\/\/www.niemisofa.ee\/"},{"@type":"ListItem","position":2,"name":"Products","item":"https:\/\/www.niemisofa.ee\/fi\/tuotteet\/"},{"@type":"ListItem","position":3,"name":"SHERPA NOJATUOLI"}]},{"@type":"WebSite","@id":"https:\/\/www.niemisofa.ee\/#website","url":"https:\/\/www.niemisofa.ee\/","name":"Niemi Sofa","description":"Soft furniture from Estonia!","publisher":{"@id":"https:\/\/www.niemisofa.ee\/#organization"},"potentialAction":[{"@type":"SearchAction","target":{"@type":"EntryPoint","urlTemplate":"https:\/\/www.niemisofa.ee\/?s={search_term_string}"},"query-input":{"@type":"PropertyValueSpecification","valueRequired":true,"valueName":"search_term_string"}}],"inLanguage":"en-GB"},{"@type":"Organization","@id":"https:\/\/www.niemisofa.ee\/#organization","name":"Niemi Sofa","url":"https:\/\/www.niemisofa.ee\/","logo":{"@type":"ImageObject","inLanguage":"en-GB","@id":"https:\/\/www.niemisofa.ee\/#\/schema\/logo\/image\/","url":"https:\/\/www.niemisofa.ee\/wp-content\/uploads\/2024\/02\/logo.jpg","contentUrl":"https:\/\/www.niemisofa.ee\/wp-content\/uploads\/2024\/02\/logo.jpg","width":254,"height":63,"caption":"Niemi Sofa"},"image":{"@id":"https:\/\/www.niemisofa.ee\/#\/schema\/logo\/image\/"},"sameAs":["https:\/\/www.facebook.com\/profile.php?id=61568583511594","https:\/\/www.instagram.com\/niemisofa\/"]}]}},"_links":{"self":[{"href":"https:\/\/www.niemisofa.ee\/en\/wp-json\/wp\/v2\/al_product\/3788","targetHints":{"allow":["GET"]}}],"collection":[{"href":"https:\/\/www.niemisofa.ee\/en\/wp-json\/wp\/v2\/al_product"}],"about":[{"href":"https:\/\/www.niemisofa.ee\/en\/wp-json\/wp\/v2\/types\/al_product"}],"wp:featuredmedia":[{"embeddable":true,"href":"https:\/\/www.niemisofa.ee\/en\/wp-json\/wp\/v2\/media\/3795"}],"wp:attachment":[{"href":"https:\/\/www.niemisofa.ee\/en\/wp-json\/wp\/v2\/media?parent=3788"}],"wp:term":[{"taxonomy":"al_product-cat","embeddable":true,"href":"https:\/\/www.niemisofa.ee\/en\/wp-json\/wp\/v2\/al_product-cat?post=3788"}],"curies":[{"name":"wp","href":"https:\/\/api.w.org\/{rel}","templated":true}]}}

<p>Sherpa-nojatuolissa on kaarevan muotoiset, puiset käsinojat, joilla käsivarret saavat rentoutua. Tuolissa on ryhdikäs istuvuus ja tukeva puurunko. Tuoli on istuttavuudeltaan ryhdikkään jämäkkä, istumakorkeus on 45 cm.<br />
Lisäksi tuolissa on tukeva puurunko, istuintyynyssä ja selkänojassa on korkeakimmoinen ja palosuojattu HR-35-vaahtomuovi.<br />
Tuolin runko on valmistettu koivuvanerista. Käsinojan ja jalkojen värit ovat koivu, tammi, kirsikka ja pähkina.<br />
Saatavilla harmonisissa harmaan ja vaaleanharmaan väreissä tai tlaajan toiveiden mukaisella kankaalla päällystettynä. Nojatuoli valmistetaan omalla tehtaallamme Virossa.</p>

<p>Sherpa-nojatuolissa on kaarevan muotoiset, puiset käsinojat, joilla käsivarret saavat rentoutua. Tuolissa on ryhdikäs istuvuus ja tukeva puurunko. Tuoli on istuttavuudeltaan ryhdikkään jämäkkä, istumakorkeus on 45 cm. Lisäksi tuolissa on tukeva puurunko, istuintyynyssä ja selkänojassa on korkeakimmoinen ja palosuojattu HR-35-vaahtomuovi. Tuolin runko on valmistettu koivuvanerista. Käsinojan ja jalkojen värit ovat koivu, tammi, kirsikka ja pähkina. Saatavilla [&hellip;]</p>

<!-- This site is optimized with the Yoast SEO plugin v27.0 - https://yoast.com/product/yoast-seo-wordpress/ -->
<title>SHERPA NOJATUOLI - Niemi Sofa</title>
<meta name="robots" content="index, follow, max-snippet:-1, max-image-preview:large, max-video-preview:-1" />
<link rel="canonical" href="https://www.niemisofa.ee/en/tuotteet/sherpa-nojatuoli_1/" />
<meta property="og:locale" content="en_GB" />
<meta property="og:type" content="article" />
<meta property="og:title" content="SHERPA NOJATUOLI - Niemi Sofa" />
<meta property="og:description" content="Sherpa-nojatuolissa on kaarevan muotoiset, puiset käsinojat, joilla käsivarret saavat rentoutua. Tuolissa on ryhdikäs istuvuus ja tukeva puurunko. Tuoli on istuttavuudeltaan ryhdikkään jämäkkä, istumakorkeus on 45 cm. Lisäksi tuolissa on tukeva puurunko, istuintyynyssä ja selkänojassa on korkeakimmoinen ja palosuojattu HR-35-vaahtomuovi. Tuolin runko on valmistettu koivuvanerista. Käsinojan ja jalkojen värit ovat koivu, tammi, kirsikka ja pähkina. Saatavilla [&hellip;]" />
<meta property="og:url" content="https://www.niemisofa.ee/en/tuotteet/sherpa-nojatuoli_1/" />
<meta property="og:site_name" content="Niemi Sofa" />
<meta property="article:publisher" content="https://www.facebook.com/profile.php?id=61568583511594" />
<meta property="article:modified_time" content="2026-04-28T10:40:48+00:00" />
<meta property="og:image" content="https://www.niemisofa.ee/wp-content/uploads/2024/05/Sherpa-1920x1280-1.jpg" />
	<meta property="og:image:width" content="1920" />
	<meta property="og:image:height" content="1280" />
	<meta property="og:image:type" content="image/jpeg" />
<meta name="twitter:card" content="summary_large_image" />
<meta name="twitter:label1" content="Estimated reading time" />
	<meta name="twitter:data1" content="1 minute" />
<script type="application/ld+json" class="yoast-schema-graph">{"@context":"https://schema.org","@graph":[{"@type":"WebPage","@id":"https://www.niemisofa.ee/tuotteet/sherpa-nojatuoli_1/","url":"https://www.niemisofa.ee/tuotteet/sherpa-nojatuoli_1/","name":"SHERPA NOJATUOLI - Niemi Sofa","isPartOf":{"@id":"https://www.niemisofa.ee/#website"},"primaryImageOfPage":{"@id":"https://www.niemisofa.ee/tuotteet/sherpa-nojatuoli_1/#primaryimage"},"image":{"@id":"https://www.niemisofa.ee/tuotteet/sherpa-nojatuoli_1/#primaryimage"},"thumbnailUrl":"https://www.niemisofa.ee/wp-content/uploads/2024/05/Sherpa-1920x1280-1.jpg","datePublished":"2024-05-17T10:51:00+00:00","dateModified":"2026-04-28T10:40:48+00:00","breadcrumb":{"@id":"https://www.niemisofa.ee/tuotteet/sherpa-nojatuoli_1/#breadcrumb"},"inLanguage":"en-GB","potentialAction":[{"@type":"ReadAction","target":["https://www.niemisofa.ee/tuotteet/sherpa-nojatuoli_1/"]}]},{"@type":"ImageObject","inLanguage":"en-GB","@id":"https://www.niemisofa.ee/tuotteet/sherpa-nojatuoli_1/#primaryimage","url":"https://www.niemisofa.ee/wp-content/uploads/2024/05/Sherpa-1920x1280-1.jpg","contentUrl":"https://www.niemisofa.ee/wp-content/uploads/2024/05/Sherpa-1920x1280-1.jpg","width":1920,"height":1280},{"@type":"BreadcrumbList","@id":"https://www.niemisofa.ee/tuotteet/sherpa-nojatuoli_1/#breadcrumb","itemListElement":[{"@type":"ListItem","position":1,"name":"Home","item":"https://www.niemisofa.ee/"},{"@type":"ListItem","position":2,"name":"Products","item":"https://www.niemisofa.ee/fi/tuotteet/"},{"@type":"ListItem","position":3,"name":"SHERPA NOJATUOLI"}]},{"@type":"WebSite","@id":"https://www.niemisofa.ee/#website","url":"https://www.niemisofa.ee/","name":"Niemi Sofa","description":"Pehme m&ouml;&ouml;bel Eestist!","publisher":{"@id":"https://www.niemisofa.ee/#organization"},"potentialAction":[{"@type":"SearchAction","target":{"@type":"EntryPoint","urlTemplate":"https://www.niemisofa.ee/?s={search_term_string}"},"query-input":{"@type":"PropertyValueSpecification","valueRequired":true,"valueName":"search_term_string"}}],"inLanguage":"en-GB"},{"@type":"Organization","@id":"https://www.niemisofa.ee/#organization","name":"Niemi Sofa","url":"https://www.niemisofa.ee/","logo":{"@type":"ImageObject","inLanguage":"en-GB","@id":"https://www.niemisofa.ee/#/schema/logo/image/","url":"https://www.niemisofa.ee/wp-content/uploads/2024/02/logo.jpg","contentUrl":"https://www.niemisofa.ee/wp-content/uploads/2024/02/logo.jpg","width":254,"height":63,"caption":"Niemi Sofa"},"image":{"@id":"https://www.niemisofa.ee/#/schema/logo/image/"},"sameAs":["https://www.facebook.com/profile.php?id=61568583511594","https://www.instagram.com/niemisofa/"]}]}</script>
<!-- / Yoast SEO plugin. -->

Sherpa-nojatuolissa on kaarevan muotoiset, puiset käsinojat, joilla käsivarret saavat rentoutua. Tuolissa on ryhdikäs istuvuus ja tukeva puurunko. Tuoli on istuttavuudeltaan ryhdikkään jämäkkä, istumakorkeus on 45 cm. Lisäksi tuolissa on tukeva puurunko, istuintyynyssä ja selkänojassa on korkeakimmoinen ja palosuojattu HR-35-vaahtomuovi. Tuolin runko on valmistettu koivuvanerista. Käsinojan ja jalkojen värit ovat koivu, tammi, kirsikka ja pähkina. Saatavilla [&hellip;]
