{"id":4225,"date":"2024-09-13T08:28:44","date_gmt":"2024-09-13T08:28:44","guid":{"rendered":"https:\/\/www.niemisofa.ee\/?post_type=al_product&#038;p=4225"},"modified":"2025-08-15T08:09:50","modified_gmt":"2025-08-15T08:09:50","slug":"isla-nojatuoli-korkea-selkanoja","status":"publish","type":"al_product","link":"https:\/\/www.niemisofa.ee\/en\/tuotteet\/isla-nojatuoli-korkea-selkanoja\/","title":{"rendered":"ISLA armchair high backrest"},"content":{"rendered":"<p>Isla armchair has a high back and a strong seat cushion, which provides good support when sitting and makes it easier to get up from the chair.<\/p>\r\n\r\n\r\n\r\n<p>You can choose a low, high or extra high back for Isla armchair.<\/p>\r\n\r\n\r\n\r\n<p><br>Armchair has wear-resistant parts on the armrests. All surface materials can be cleaned easily by wiping.<br>For seats and back cushions, it is possible to choose a liquid-tight inner cover under outer fabric covers, as well as additional covers for replacement.<br>Isla models have various accessories that can be ordered separately.<br>Cover fabric can be chosen from several fabrics and colors.<br>Isla upholstered furniture is fire safe and has been tested according to standard EN 16139:2013. The Isla furniture series meets the safety, strength and durability requirements of the standard used in public spaces.<\/p>","protected":false},"excerpt":{"rendered":"<p>Isla-nojatuolissa on korkea selk\u00e4noja ja vahva istuintyyny, joka antaa hyv\u00e4n tuen istuessa ja helpottaa tuolista nousemista. Isla-nojatuoliin voi valita matalan, korkean tai erikoiskorkean selk\u00e4nojan. Nojatuolissa on kulutusta kest\u00e4v\u00e4t paikat k\u00e4sinojissa. Kaikki pintamateriaalit helposti pyyhkim\u00e4ll\u00e4 puhdistettavia.Istuimiin ja selk\u00e4tyynyihin on mahdollista valita kangasp\u00e4\u00e4llisten alle nestetiivis sis\u00e4p\u00e4\u00e4llinen sek\u00e4 lis\u00e4p\u00e4\u00e4lliset vaihtoa varten.Isla-malleissa on erilaisia \u200b\u200blis\u00e4varusteita, jotka voidaan tilata erikseen.P\u00e4\u00e4llyskangas [&hellip;]<\/p>\n","protected":false},"featured_media":5389,"template":"","al_product-cat":[264],"class_list":["post-4225","al_product","type-al_product","status-publish","has-post-thumbnail","hentry","al_product-cat-hoivakodit"],"acf":[],"yoast_head":"<!-- This site is optimized with the Yoast SEO plugin v27.0 - https:\/\/yoast.com\/product\/yoast-seo-wordpress\/ -->\n<title>ISLA-nojatuoli korkea selk\u00e4noja - Niemi Sofa<\/title>\n<meta name=\"robots\" content=\"index, follow, max-snippet:-1, max-image-preview:large, max-video-preview:-1\" \/>\n<link rel=\"canonical\" href=\"https:\/\/www.niemisofa.ee\/en\/tuotteet\/isla-nojatuoli-korkea-selkanoja\/\" \/>\n<meta property=\"og:locale\" content=\"en_GB\" \/>\n<meta property=\"og:type\" content=\"article\" \/>\n<meta property=\"og:title\" content=\"ISLA-nojatuoli korkea selk\u00e4noja - Niemi Sofa\" \/>\n<meta property=\"og:description\" content=\"Isla-nojatuolissa on korkea selk\u00e4noja ja vahva istuintyyny, joka antaa hyv\u00e4n tuen istuessa ja helpottaa tuolista nousemista. Isla-nojatuoliin voi valita matalan, korkean tai erikoiskorkean selk\u00e4nojan. Nojatuolissa on kulutusta kest\u00e4v\u00e4t paikat k\u00e4sinojissa. Kaikki pintamateriaalit helposti pyyhkim\u00e4ll\u00e4 puhdistettavia.Istuimiin ja selk\u00e4tyynyihin on mahdollista valita kangasp\u00e4\u00e4llisten alle nestetiivis sis\u00e4p\u00e4\u00e4llinen sek\u00e4 lis\u00e4p\u00e4\u00e4lliset vaihtoa varten.Isla-malleissa on erilaisia \u200b\u200blis\u00e4varusteita, jotka voidaan tilata erikseen.P\u00e4\u00e4llyskangas [&hellip;]\" \/>\n<meta property=\"og:url\" content=\"https:\/\/www.niemisofa.ee\/en\/tuotteet\/isla-nojatuoli-korkea-selkanoja\/\" \/>\n<meta property=\"og:site_name\" content=\"Niemi Sofa\" \/>\n<meta property=\"article:publisher\" content=\"https:\/\/www.facebook.com\/profile.php?id=61568583511594\" \/>\n<meta property=\"article:modified_time\" content=\"2025-08-15T08:09:50+00:00\" \/>\n<meta property=\"og:image\" content=\"https:\/\/www.niemisofa.ee\/wp-content\/uploads\/2024\/09\/ISLA_5-copy.jpg\" \/>\n\t<meta property=\"og:image:width\" content=\"2274\" \/>\n\t<meta property=\"og:image:height\" content=\"1431\" \/>\n\t<meta property=\"og:image:type\" content=\"image\/jpeg\" \/>\n<meta name=\"twitter:card\" content=\"summary_large_image\" \/>\n<meta name=\"twitter:label1\" content=\"Estimated reading time\" \/>\n\t<meta name=\"twitter:data1\" content=\"1 minute\" \/>\n<script type=\"application\/ld+json\" class=\"yoast-schema-graph\">{\"@context\":\"https:\/\/schema.org\",\"@graph\":[{\"@type\":\"WebPage\",\"@id\":\"https:\/\/www.niemisofa.ee\/tuotteet\/isla-nojatuoli-korkea-selkanoja\/\",\"url\":\"https:\/\/www.niemisofa.ee\/tuotteet\/isla-nojatuoli-korkea-selkanoja\/\",\"name\":\"ISLA-nojatuoli korkea selk\u00e4noja - Niemi Sofa\",\"isPartOf\":{\"@id\":\"https:\/\/www.niemisofa.ee\/#website\"},\"primaryImageOfPage\":{\"@id\":\"https:\/\/www.niemisofa.ee\/tuotteet\/isla-nojatuoli-korkea-selkanoja\/#primaryimage\"},\"image\":{\"@id\":\"https:\/\/www.niemisofa.ee\/tuotteet\/isla-nojatuoli-korkea-selkanoja\/#primaryimage\"},\"thumbnailUrl\":\"https:\/\/www.niemisofa.ee\/wp-content\/uploads\/2024\/09\/ISLA_5-copy.jpg\",\"datePublished\":\"2024-09-13T08:28:44+00:00\",\"dateModified\":\"2025-08-15T08:09:50+00:00\",\"breadcrumb\":{\"@id\":\"https:\/\/www.niemisofa.ee\/tuotteet\/isla-nojatuoli-korkea-selkanoja\/#breadcrumb\"},\"inLanguage\":\"en-GB\",\"potentialAction\":[{\"@type\":\"ReadAction\",\"target\":[\"https:\/\/www.niemisofa.ee\/tuotteet\/isla-nojatuoli-korkea-selkanoja\/\"]}]},{\"@type\":\"ImageObject\",\"inLanguage\":\"en-GB\",\"@id\":\"https:\/\/www.niemisofa.ee\/tuotteet\/isla-nojatuoli-korkea-selkanoja\/#primaryimage\",\"url\":\"https:\/\/www.niemisofa.ee\/wp-content\/uploads\/2024\/09\/ISLA_5-copy.jpg\",\"contentUrl\":\"https:\/\/www.niemisofa.ee\/wp-content\/uploads\/2024\/09\/ISLA_5-copy.jpg\",\"width\":2274,\"height\":1431},{\"@type\":\"BreadcrumbList\",\"@id\":\"https:\/\/www.niemisofa.ee\/tuotteet\/isla-nojatuoli-korkea-selkanoja\/#breadcrumb\",\"itemListElement\":[{\"@type\":\"ListItem\",\"position\":1,\"name\":\"Home\",\"item\":\"https:\/\/www.niemisofa.ee\/\"},{\"@type\":\"ListItem\",\"position\":2,\"name\":\"Products\",\"item\":\"https:\/\/www.niemisofa.ee\/fi\/tuotteet\/\"},{\"@type\":\"ListItem\",\"position\":3,\"name\":\"ISLA-nojatuoli korkea selk\u00e4noja\"}]},{\"@type\":\"WebSite\",\"@id\":\"https:\/\/www.niemisofa.ee\/#website\",\"url\":\"https:\/\/www.niemisofa.ee\/\",\"name\":\"Niemi Sofa\",\"description\":\"Pehme m&ouml;&ouml;bel Eestist!\",\"publisher\":{\"@id\":\"https:\/\/www.niemisofa.ee\/#organization\"},\"potentialAction\":[{\"@type\":\"SearchAction\",\"target\":{\"@type\":\"EntryPoint\",\"urlTemplate\":\"https:\/\/www.niemisofa.ee\/?s={search_term_string}\"},\"query-input\":{\"@type\":\"PropertyValueSpecification\",\"valueRequired\":true,\"valueName\":\"search_term_string\"}}],\"inLanguage\":\"en-GB\"},{\"@type\":\"Organization\",\"@id\":\"https:\/\/www.niemisofa.ee\/#organization\",\"name\":\"Niemi Sofa\",\"url\":\"https:\/\/www.niemisofa.ee\/\",\"logo\":{\"@type\":\"ImageObject\",\"inLanguage\":\"en-GB\",\"@id\":\"https:\/\/www.niemisofa.ee\/#\/schema\/logo\/image\/\",\"url\":\"https:\/\/www.niemisofa.ee\/wp-content\/uploads\/2024\/02\/logo.jpg\",\"contentUrl\":\"https:\/\/www.niemisofa.ee\/wp-content\/uploads\/2024\/02\/logo.jpg\",\"width\":254,\"height\":63,\"caption\":\"Niemi Sofa\"},\"image\":{\"@id\":\"https:\/\/www.niemisofa.ee\/#\/schema\/logo\/image\/\"},\"sameAs\":[\"https:\/\/www.facebook.com\/profile.php?id=61568583511594\",\"https:\/\/www.instagram.com\/niemisofa\/\"]}]}<\/script>\n<!-- \/ Yoast SEO plugin. -->","yoast_head_json":{"title":"ISLA-nojatuoli korkea selk\u00e4noja - Niemi Sofa","robots":{"index":"index","follow":"follow","max-snippet":"max-snippet:-1","max-image-preview":"max-image-preview:large","max-video-preview":"max-video-preview:-1"},"canonical":"https:\/\/www.niemisofa.ee\/en\/tuotteet\/isla-nojatuoli-korkea-selkanoja\/","og_locale":"en_GB","og_type":"article","og_title":"ISLA-nojatuoli korkea selk\u00e4noja - Niemi Sofa","og_description":"Isla-nojatuolissa on korkea selk\u00e4noja ja vahva istuintyyny, joka antaa hyv\u00e4n tuen istuessa ja helpottaa tuolista nousemista. Isla-nojatuoliin voi valita matalan, korkean tai erikoiskorkean selk\u00e4nojan. Nojatuolissa on kulutusta kest\u00e4v\u00e4t paikat k\u00e4sinojissa. Kaikki pintamateriaalit helposti pyyhkim\u00e4ll\u00e4 puhdistettavia.Istuimiin ja selk\u00e4tyynyihin on mahdollista valita kangasp\u00e4\u00e4llisten alle nestetiivis sis\u00e4p\u00e4\u00e4llinen sek\u00e4 lis\u00e4p\u00e4\u00e4lliset vaihtoa varten.Isla-malleissa on erilaisia \u200b\u200blis\u00e4varusteita, jotka voidaan tilata erikseen.P\u00e4\u00e4llyskangas [&hellip;]","og_url":"https:\/\/www.niemisofa.ee\/en\/tuotteet\/isla-nojatuoli-korkea-selkanoja\/","og_site_name":"Niemi Sofa","article_publisher":"https:\/\/www.facebook.com\/profile.php?id=61568583511594","article_modified_time":"2025-08-15T08:09:50+00:00","og_image":[{"width":2274,"height":1431,"url":"https:\/\/www.niemisofa.ee\/wp-content\/uploads\/2024\/09\/ISLA_5-copy.jpg","type":"image\/jpeg"}],"twitter_card":"summary_large_image","twitter_misc":{"Estimated reading time":"1 minute"},"schema":{"@context":"https:\/\/schema.org","@graph":[{"@type":"WebPage","@id":"https:\/\/www.niemisofa.ee\/tuotteet\/isla-nojatuoli-korkea-selkanoja\/","url":"https:\/\/www.niemisofa.ee\/tuotteet\/isla-nojatuoli-korkea-selkanoja\/","name":"ISLA-nojatuoli korkea selk\u00e4noja - Niemi Sofa","isPartOf":{"@id":"https:\/\/www.niemisofa.ee\/#website"},"primaryImageOfPage":{"@id":"https:\/\/www.niemisofa.ee\/tuotteet\/isla-nojatuoli-korkea-selkanoja\/#primaryimage"},"image":{"@id":"https:\/\/www.niemisofa.ee\/tuotteet\/isla-nojatuoli-korkea-selkanoja\/#primaryimage"},"thumbnailUrl":"https:\/\/www.niemisofa.ee\/wp-content\/uploads\/2024\/09\/ISLA_5-copy.jpg","datePublished":"2024-09-13T08:28:44+00:00","dateModified":"2025-08-15T08:09:50+00:00","breadcrumb":{"@id":"https:\/\/www.niemisofa.ee\/tuotteet\/isla-nojatuoli-korkea-selkanoja\/#breadcrumb"},"inLanguage":"en-GB","potentialAction":[{"@type":"ReadAction","target":["https:\/\/www.niemisofa.ee\/tuotteet\/isla-nojatuoli-korkea-selkanoja\/"]}]},{"@type":"ImageObject","inLanguage":"en-GB","@id":"https:\/\/www.niemisofa.ee\/tuotteet\/isla-nojatuoli-korkea-selkanoja\/#primaryimage","url":"https:\/\/www.niemisofa.ee\/wp-content\/uploads\/2024\/09\/ISLA_5-copy.jpg","contentUrl":"https:\/\/www.niemisofa.ee\/wp-content\/uploads\/2024\/09\/ISLA_5-copy.jpg","width":2274,"height":1431},{"@type":"BreadcrumbList","@id":"https:\/\/www.niemisofa.ee\/tuotteet\/isla-nojatuoli-korkea-selkanoja\/#breadcrumb","itemListElement":[{"@type":"ListItem","position":1,"name":"Home","item":"https:\/\/www.niemisofa.ee\/"},{"@type":"ListItem","position":2,"name":"Products","item":"https:\/\/www.niemisofa.ee\/fi\/tuotteet\/"},{"@type":"ListItem","position":3,"name":"ISLA-nojatuoli korkea selk\u00e4noja"}]},{"@type":"WebSite","@id":"https:\/\/www.niemisofa.ee\/#website","url":"https:\/\/www.niemisofa.ee\/","name":"Niemi Sofa","description":"Soft furniture from Estonia!","publisher":{"@id":"https:\/\/www.niemisofa.ee\/#organization"},"potentialAction":[{"@type":"SearchAction","target":{"@type":"EntryPoint","urlTemplate":"https:\/\/www.niemisofa.ee\/?s={search_term_string}"},"query-input":{"@type":"PropertyValueSpecification","valueRequired":true,"valueName":"search_term_string"}}],"inLanguage":"en-GB"},{"@type":"Organization","@id":"https:\/\/www.niemisofa.ee\/#organization","name":"Niemi Sofa","url":"https:\/\/www.niemisofa.ee\/","logo":{"@type":"ImageObject","inLanguage":"en-GB","@id":"https:\/\/www.niemisofa.ee\/#\/schema\/logo\/image\/","url":"https:\/\/www.niemisofa.ee\/wp-content\/uploads\/2024\/02\/logo.jpg","contentUrl":"https:\/\/www.niemisofa.ee\/wp-content\/uploads\/2024\/02\/logo.jpg","width":254,"height":63,"caption":"Niemi Sofa"},"image":{"@id":"https:\/\/www.niemisofa.ee\/#\/schema\/logo\/image\/"},"sameAs":["https:\/\/www.facebook.com\/profile.php?id=61568583511594","https:\/\/www.instagram.com\/niemisofa\/"]}]}},"_links":{"self":[{"href":"https:\/\/www.niemisofa.ee\/en\/wp-json\/wp\/v2\/al_product\/4225","targetHints":{"allow":["GET"]}}],"collection":[{"href":"https:\/\/www.niemisofa.ee\/en\/wp-json\/wp\/v2\/al_product"}],"about":[{"href":"https:\/\/www.niemisofa.ee\/en\/wp-json\/wp\/v2\/types\/al_product"}],"wp:featuredmedia":[{"embeddable":true,"href":"https:\/\/www.niemisofa.ee\/en\/wp-json\/wp\/v2\/media\/5389"}],"wp:attachment":[{"href":"https:\/\/www.niemisofa.ee\/en\/wp-json\/wp\/v2\/media?parent=4225"}],"wp:term":[{"taxonomy":"al_product-cat","embeddable":true,"href":"https:\/\/www.niemisofa.ee\/en\/wp-json\/wp\/v2\/al_product-cat?post=4225"}],"curies":[{"name":"wp","href":"https:\/\/api.w.org\/{rel}","templated":true}]}}

<p>Isla-nojatuolissa on korkea selkänoja ja vahva istuintyyny, joka antaa hyvän tuen istuessa ja helpottaa tuolista nousemista. Isla-nojatuoliin voi valita matalan, korkean tai erikoiskorkean selkänojan. Nojatuolissa on kulutusta kestävät paikat käsinojissa. Kaikki pintamateriaalit helposti pyyhkimällä puhdistettavia.Istuimiin ja selkätyynyihin on mahdollista valita kangaspäällisten alle nestetiivis sisäpäällinen sekä lisäpäälliset vaihtoa varten.Isla-malleissa on erilaisia ​​lisävarusteita, jotka voidaan tilata erikseen.Päällyskangas [&hellip;]</p>

<!-- This site is optimized with the Yoast SEO plugin v27.0 - https://yoast.com/product/yoast-seo-wordpress/ -->
<title>ISLA-nojatuoli korkea selkänoja - Niemi Sofa</title>
<meta name="robots" content="index, follow, max-snippet:-1, max-image-preview:large, max-video-preview:-1" />
<link rel="canonical" href="https://www.niemisofa.ee/en/tuotteet/isla-nojatuoli-korkea-selkanoja/" />
<meta property="og:locale" content="en_GB" />
<meta property="og:type" content="article" />
<meta property="og:title" content="ISLA-nojatuoli korkea selkänoja - Niemi Sofa" />
<meta property="og:description" content="Isla-nojatuolissa on korkea selkänoja ja vahva istuintyyny, joka antaa hyvän tuen istuessa ja helpottaa tuolista nousemista. Isla-nojatuoliin voi valita matalan, korkean tai erikoiskorkean selkänojan. Nojatuolissa on kulutusta kestävät paikat käsinojissa. Kaikki pintamateriaalit helposti pyyhkimällä puhdistettavia.Istuimiin ja selkätyynyihin on mahdollista valita kangaspäällisten alle nestetiivis sisäpäällinen sekä lisäpäälliset vaihtoa varten.Isla-malleissa on erilaisia ​​lisävarusteita, jotka voidaan tilata erikseen.Päällyskangas [&hellip;]" />
<meta property="og:url" content="https://www.niemisofa.ee/en/tuotteet/isla-nojatuoli-korkea-selkanoja/" />
<meta property="og:site_name" content="Niemi Sofa" />
<meta property="article:publisher" content="https://www.facebook.com/profile.php?id=61568583511594" />
<meta property="article:modified_time" content="2025-08-15T08:09:50+00:00" />
<meta property="og:image" content="https://www.niemisofa.ee/wp-content/uploads/2024/09/ISLA_5-copy.jpg" />
	<meta property="og:image:width" content="2274" />
	<meta property="og:image:height" content="1431" />
	<meta property="og:image:type" content="image/jpeg" />
<meta name="twitter:card" content="summary_large_image" />
<meta name="twitter:label1" content="Estimated reading time" />
	<meta name="twitter:data1" content="1 minute" />
<script type="application/ld+json" class="yoast-schema-graph">{"@context":"https://schema.org","@graph":[{"@type":"WebPage","@id":"https://www.niemisofa.ee/tuotteet/isla-nojatuoli-korkea-selkanoja/","url":"https://www.niemisofa.ee/tuotteet/isla-nojatuoli-korkea-selkanoja/","name":"ISLA-nojatuoli korkea selkänoja - Niemi Sofa","isPartOf":{"@id":"https://www.niemisofa.ee/#website"},"primaryImageOfPage":{"@id":"https://www.niemisofa.ee/tuotteet/isla-nojatuoli-korkea-selkanoja/#primaryimage"},"image":{"@id":"https://www.niemisofa.ee/tuotteet/isla-nojatuoli-korkea-selkanoja/#primaryimage"},"thumbnailUrl":"https://www.niemisofa.ee/wp-content/uploads/2024/09/ISLA_5-copy.jpg","datePublished":"2024-09-13T08:28:44+00:00","dateModified":"2025-08-15T08:09:50+00:00","breadcrumb":{"@id":"https://www.niemisofa.ee/tuotteet/isla-nojatuoli-korkea-selkanoja/#breadcrumb"},"inLanguage":"en-GB","potentialAction":[{"@type":"ReadAction","target":["https://www.niemisofa.ee/tuotteet/isla-nojatuoli-korkea-selkanoja/"]}]},{"@type":"ImageObject","inLanguage":"en-GB","@id":"https://www.niemisofa.ee/tuotteet/isla-nojatuoli-korkea-selkanoja/#primaryimage","url":"https://www.niemisofa.ee/wp-content/uploads/2024/09/ISLA_5-copy.jpg","contentUrl":"https://www.niemisofa.ee/wp-content/uploads/2024/09/ISLA_5-copy.jpg","width":2274,"height":1431},{"@type":"BreadcrumbList","@id":"https://www.niemisofa.ee/tuotteet/isla-nojatuoli-korkea-selkanoja/#breadcrumb","itemListElement":[{"@type":"ListItem","position":1,"name":"Home","item":"https://www.niemisofa.ee/"},{"@type":"ListItem","position":2,"name":"Products","item":"https://www.niemisofa.ee/fi/tuotteet/"},{"@type":"ListItem","position":3,"name":"ISLA-nojatuoli korkea selkänoja"}]},{"@type":"WebSite","@id":"https://www.niemisofa.ee/#website","url":"https://www.niemisofa.ee/","name":"Niemi Sofa","description":"Pehme m&ouml;&ouml;bel Eestist!","publisher":{"@id":"https://www.niemisofa.ee/#organization"},"potentialAction":[{"@type":"SearchAction","target":{"@type":"EntryPoint","urlTemplate":"https://www.niemisofa.ee/?s={search_term_string}"},"query-input":{"@type":"PropertyValueSpecification","valueRequired":true,"valueName":"search_term_string"}}],"inLanguage":"en-GB"},{"@type":"Organization","@id":"https://www.niemisofa.ee/#organization","name":"Niemi Sofa","url":"https://www.niemisofa.ee/","logo":{"@type":"ImageObject","inLanguage":"en-GB","@id":"https://www.niemisofa.ee/#/schema/logo/image/","url":"https://www.niemisofa.ee/wp-content/uploads/2024/02/logo.jpg","contentUrl":"https://www.niemisofa.ee/wp-content/uploads/2024/02/logo.jpg","width":254,"height":63,"caption":"Niemi Sofa"},"image":{"@id":"https://www.niemisofa.ee/#/schema/logo/image/"},"sameAs":["https://www.facebook.com/profile.php?id=61568583511594","https://www.instagram.com/niemisofa/"]}]}</script>
<!-- / Yoast SEO plugin. -->

ISLA-nojatuoli korkea selkänoja - Niemi Sofa

Isla-nojatuolissa on korkea selkänoja ja vahva istuintyyny, joka antaa hyvän tuen istuessa ja helpottaa tuolista nousemista. Isla-nojatuoliin voi valita matalan, korkean tai erikoiskorkean selkänojan. Nojatuolissa on kulutusta kestävät paikat käsinojissa. Kaikki pintamateriaalit helposti pyyhkimällä puhdistettavia.Istuimiin ja selkätyynyihin on mahdollista valita kangaspäällisten alle nestetiivis sisäpäällinen sekä lisäpäälliset vaihtoa varten.Isla-malleissa on erilaisia ​​lisävarusteita, jotka voidaan tilata erikseen.Päällyskangas [&hellip;]

ISLA-nojatuoli korkea selkänoja
