{"id":6126,"date":"2017-05-07T07:40:28","date_gmt":"2017-05-07T07:40:28","guid":{"rendered":"https:\/\/www.niemisofa.ee\/?post_type=al_product&#038;p=6126"},"modified":"2026-05-22T10:52:16","modified_gmt":"2026-05-22T10:52:16","slug":"soul-kulmasohva","status":"publish","type":"al_product","link":"https:\/\/www.niemisofa.ee\/en\/tuotteet\/soul-kulmasohva\/","title":{"rendered":"SOUL corner sofa"},"content":{"rendered":"<p>The frame of the SOUL modular furniture is made of birch plywood and pine wood. The corner sofa has an open corner on the left.  Neck pillow can be ordered separately. The seat cushion HR-35 and the backrest cushion<br \/>HR-25 foam. Back cushions are reversible, seat cushions are fixed. Decorative cushions are included with the sofa.<br \/>\nSoul-moduuli-tuoteperhee voi koostua seuraavista osista: nojatuoli, pieni tai isompi rahi, 2-istuttava sohva, 3-istuttava sohva ja kulmasohva erilaisilla ja &#8211; kokoisilla istuinosilla. <\/p>","protected":false},"excerpt":{"rendered":"<p>SOUL moduulikulmasohvan runko on valmistettu koivuvanerista ja m\u00e4ntypuusta. Avokulma vasemmalla. Niskatyyny tilattava erikseen. Istuintyynyss\u00e4 HR-35 ja selk\u00e4tyynyss\u00e4HR-25 vaahtomuovi. Selk\u00e4tyynyt k\u00e4\u00e4nnett\u00e4viss\u00e4, istuintyynyt kiinte\u00e4t. Sohvan mukana toimitetaan koristetyynyt. Soul-moduuli-tuoteperhee voi koostua seuraavista osista: nojatuoli, pieni tai isompi rahi, 2-istuttava sohva, 3-istuttava sohva ja kulmasohva erilaisilla ja &#8211; kokoisilla istuinosilla.<\/p>","protected":false},"featured_media":6128,"template":"","al_product-cat":[257,262,250,249,256,258,263],"class_list":["post-6126","al_product","type-al_product","status-publish","has-post-thumbnail","hentry","al_product-cat-divaanisohvat","al_product-cat-hotellit-ravintolat","al_product-cat-kalusteet-julkitiloihin","al_product-cat-kalusteet-kotiin","al_product-cat-kulmasohvat","al_product-cat-moduulisohvat","al_product-cat-toimistot"],"acf":[],"yoast_head":"<!-- This site is optimized with the Yoast SEO plugin v28.3 - https:\/\/yoast.com\/product\/yoast-seo-wordpress\/ -->\n<title>SOUL kulmasohva - Niemi Sofa<\/title>\n<meta name=\"robots\" content=\"index, follow, max-snippet:-1, max-image-preview:large, max-video-preview:-1\" \/>\n<link rel=\"canonical\" href=\"https:\/\/www.niemisofa.ee\/en\/tuotteet\/soul-kulmasohva\/\" \/>\n<meta property=\"og:locale\" content=\"en_GB\" \/>\n<meta property=\"og:type\" content=\"article\" \/>\n<meta property=\"og:title\" content=\"SOUL kulmasohva - Niemi Sofa\" \/>\n<meta property=\"og:description\" content=\"SOUL moduulikulmasohvan runko on valmistettu koivuvanerista ja m\u00e4ntypuusta. Avokulma vasemmalla. Niskatyyny tilattava erikseen. Istuintyynyss\u00e4 HR-35 ja selk\u00e4tyynyss\u00e4HR-25 vaahtomuovi. Selk\u00e4tyynyt k\u00e4\u00e4nnett\u00e4viss\u00e4, istuintyynyt kiinte\u00e4t. Sohvan mukana toimitetaan koristetyynyt. Soul-moduuli-tuoteperhee voi koostua seuraavista osista: nojatuoli, pieni tai isompi rahi, 2-istuttava sohva, 3-istuttava sohva ja kulmasohva erilaisilla ja &#8211; kokoisilla istuinosilla.\" \/>\n<meta property=\"og:url\" content=\"https:\/\/www.niemisofa.ee\/en\/tuotteet\/soul-kulmasohva\/\" \/>\n<meta property=\"og:site_name\" content=\"Niemi Sofa\" \/>\n<meta property=\"article:publisher\" content=\"https:\/\/www.facebook.com\/profile.php?id=61568583511594\" \/>\n<meta property=\"article:modified_time\" content=\"2026-05-22T10:52:16+00:00\" \/>\n<meta property=\"og:image\" content=\"https:\/\/www.niemisofa.ee\/wp-content\/uploads\/2026\/05\/SOUL_avokulma_CORRECT-copy.png\" \/>\n\t<meta property=\"og:image:width\" content=\"1920\" \/>\n\t<meta property=\"og:image:height\" content=\"1280\" \/>\n\t<meta property=\"og:image:type\" content=\"image\/png\" \/>\n<meta name=\"twitter:card\" content=\"summary_large_image\" \/>\n<meta name=\"twitter:label1\" content=\"Estimated reading time\" \/>\n\t<meta name=\"twitter:data1\" content=\"1 minute\" \/>\n<script type=\"application\/ld+json\" class=\"yoast-schema-graph\">{\"@context\":\"https:\\\/\\\/schema.org\",\"@graph\":[{\"@type\":\"WebPage\",\"@id\":\"https:\\\/\\\/www.niemisofa.ee\\\/tuotteet\\\/soul-kulmasohva\\\/\",\"url\":\"https:\\\/\\\/www.niemisofa.ee\\\/tuotteet\\\/soul-kulmasohva\\\/\",\"name\":\"SOUL kulmasohva - Niemi Sofa\",\"isPartOf\":{\"@id\":\"https:\\\/\\\/www.niemisofa.ee\\\/#website\"},\"primaryImageOfPage\":{\"@id\":\"https:\\\/\\\/www.niemisofa.ee\\\/tuotteet\\\/soul-kulmasohva\\\/#primaryimage\"},\"image\":{\"@id\":\"https:\\\/\\\/www.niemisofa.ee\\\/tuotteet\\\/soul-kulmasohva\\\/#primaryimage\"},\"thumbnailUrl\":\"https:\\\/\\\/www.niemisofa.ee\\\/wp-content\\\/uploads\\\/2026\\\/05\\\/SOUL_avokulma_CORRECT-copy.png\",\"datePublished\":\"2017-05-07T07:40:28+00:00\",\"dateModified\":\"2026-05-22T10:52:16+00:00\",\"breadcrumb\":{\"@id\":\"https:\\\/\\\/www.niemisofa.ee\\\/tuotteet\\\/soul-kulmasohva\\\/#breadcrumb\"},\"inLanguage\":\"en-GB\",\"potentialAction\":[{\"@type\":\"ReadAction\",\"target\":[\"https:\\\/\\\/www.niemisofa.ee\\\/tuotteet\\\/soul-kulmasohva\\\/\"]}]},{\"@type\":\"ImageObject\",\"inLanguage\":\"en-GB\",\"@id\":\"https:\\\/\\\/www.niemisofa.ee\\\/tuotteet\\\/soul-kulmasohva\\\/#primaryimage\",\"url\":\"https:\\\/\\\/www.niemisofa.ee\\\/wp-content\\\/uploads\\\/2026\\\/05\\\/SOUL_avokulma_CORRECT-copy.png\",\"contentUrl\":\"https:\\\/\\\/www.niemisofa.ee\\\/wp-content\\\/uploads\\\/2026\\\/05\\\/SOUL_avokulma_CORRECT-copy.png\",\"width\":1920,\"height\":1280},{\"@type\":\"BreadcrumbList\",\"@id\":\"https:\\\/\\\/www.niemisofa.ee\\\/tuotteet\\\/soul-kulmasohva\\\/#breadcrumb\",\"itemListElement\":[{\"@type\":\"ListItem\",\"position\":1,\"name\":\"Home\",\"item\":\"https:\\\/\\\/www.niemisofa.ee\\\/\"},{\"@type\":\"ListItem\",\"position\":2,\"name\":\"Products\",\"item\":\"https:\\\/\\\/www.niemisofa.ee\\\/fi\\\/tuotteet\\\/\"},{\"@type\":\"ListItem\",\"position\":3,\"name\":\"SOUL kulmasohva\"}]},{\"@type\":\"WebSite\",\"@id\":\"https:\\\/\\\/www.niemisofa.ee\\\/#website\",\"url\":\"https:\\\/\\\/www.niemisofa.ee\\\/\",\"name\":\"Niemi Sofa\",\"description\":\"Pehme m\u00f6\u00f6bel Eestist!\",\"publisher\":{\"@id\":\"https:\\\/\\\/www.niemisofa.ee\\\/#organization\"},\"potentialAction\":[{\"@type\":\"SearchAction\",\"target\":{\"@type\":\"EntryPoint\",\"urlTemplate\":\"https:\\\/\\\/www.niemisofa.ee\\\/?s={search_term_string}\"},\"query-input\":{\"@type\":\"PropertyValueSpecification\",\"valueRequired\":true,\"valueName\":\"search_term_string\"}}],\"inLanguage\":\"en-GB\"},{\"@type\":\"Organization\",\"@id\":\"https:\\\/\\\/www.niemisofa.ee\\\/#organization\",\"name\":\"Niemi Sofa\",\"url\":\"https:\\\/\\\/www.niemisofa.ee\\\/\",\"logo\":{\"@type\":\"ImageObject\",\"inLanguage\":\"en-GB\",\"@id\":\"https:\\\/\\\/www.niemisofa.ee\\\/#\\\/schema\\\/logo\\\/image\\\/\",\"url\":\"https:\\\/\\\/www.niemisofa.ee\\\/wp-content\\\/uploads\\\/2024\\\/02\\\/logo.jpg\",\"contentUrl\":\"https:\\\/\\\/www.niemisofa.ee\\\/wp-content\\\/uploads\\\/2024\\\/02\\\/logo.jpg\",\"width\":254,\"height\":63,\"caption\":\"Niemi Sofa\"},\"image\":{\"@id\":\"https:\\\/\\\/www.niemisofa.ee\\\/#\\\/schema\\\/logo\\\/image\\\/\"},\"sameAs\":[\"https:\\\/\\\/www.facebook.com\\\/profile.php?id=61568583511594\",\"https:\\\/\\\/www.instagram.com\\\/niemisofa\\\/\"]}]}<\/script>\n<!-- \/ Yoast SEO plugin. -->","yoast_head_json":{"title":"SOUL kulmasohva - Niemi Sofa","robots":{"index":"index","follow":"follow","max-snippet":"max-snippet:-1","max-image-preview":"max-image-preview:large","max-video-preview":"max-video-preview:-1"},"canonical":"https:\/\/www.niemisofa.ee\/en\/tuotteet\/soul-kulmasohva\/","og_locale":"en_GB","og_type":"article","og_title":"SOUL kulmasohva - Niemi Sofa","og_description":"SOUL moduulikulmasohvan runko on valmistettu koivuvanerista ja m\u00e4ntypuusta. Avokulma vasemmalla. Niskatyyny tilattava erikseen. Istuintyynyss\u00e4 HR-35 ja selk\u00e4tyynyss\u00e4HR-25 vaahtomuovi. Selk\u00e4tyynyt k\u00e4\u00e4nnett\u00e4viss\u00e4, istuintyynyt kiinte\u00e4t. Sohvan mukana toimitetaan koristetyynyt. Soul-moduuli-tuoteperhee voi koostua seuraavista osista: nojatuoli, pieni tai isompi rahi, 2-istuttava sohva, 3-istuttava sohva ja kulmasohva erilaisilla ja &#8211; kokoisilla istuinosilla.","og_url":"https:\/\/www.niemisofa.ee\/en\/tuotteet\/soul-kulmasohva\/","og_site_name":"Niemi Sofa","article_publisher":"https:\/\/www.facebook.com\/profile.php?id=61568583511594","article_modified_time":"2026-05-22T10:52:16+00:00","og_image":[{"width":1920,"height":1280,"url":"https:\/\/www.niemisofa.ee\/wp-content\/uploads\/2026\/05\/SOUL_avokulma_CORRECT-copy.png","type":"image\/png"}],"twitter_card":"summary_large_image","twitter_misc":{"Estimated reading time":"1 minute"},"schema":{"@context":"https:\/\/schema.org","@graph":[{"@type":"WebPage","@id":"https:\/\/www.niemisofa.ee\/tuotteet\/soul-kulmasohva\/","url":"https:\/\/www.niemisofa.ee\/tuotteet\/soul-kulmasohva\/","name":"SOUL kulmasohva - Niemi Sofa","isPartOf":{"@id":"https:\/\/www.niemisofa.ee\/#website"},"primaryImageOfPage":{"@id":"https:\/\/www.niemisofa.ee\/tuotteet\/soul-kulmasohva\/#primaryimage"},"image":{"@id":"https:\/\/www.niemisofa.ee\/tuotteet\/soul-kulmasohva\/#primaryimage"},"thumbnailUrl":"https:\/\/www.niemisofa.ee\/wp-content\/uploads\/2026\/05\/SOUL_avokulma_CORRECT-copy.png","datePublished":"2017-05-07T07:40:28+00:00","dateModified":"2026-05-22T10:52:16+00:00","breadcrumb":{"@id":"https:\/\/www.niemisofa.ee\/tuotteet\/soul-kulmasohva\/#breadcrumb"},"inLanguage":"en-GB","potentialAction":[{"@type":"ReadAction","target":["https:\/\/www.niemisofa.ee\/tuotteet\/soul-kulmasohva\/"]}]},{"@type":"ImageObject","inLanguage":"en-GB","@id":"https:\/\/www.niemisofa.ee\/tuotteet\/soul-kulmasohva\/#primaryimage","url":"https:\/\/www.niemisofa.ee\/wp-content\/uploads\/2026\/05\/SOUL_avokulma_CORRECT-copy.png","contentUrl":"https:\/\/www.niemisofa.ee\/wp-content\/uploads\/2026\/05\/SOUL_avokulma_CORRECT-copy.png","width":1920,"height":1280},{"@type":"BreadcrumbList","@id":"https:\/\/www.niemisofa.ee\/tuotteet\/soul-kulmasohva\/#breadcrumb","itemListElement":[{"@type":"ListItem","position":1,"name":"Home","item":"https:\/\/www.niemisofa.ee\/"},{"@type":"ListItem","position":2,"name":"Products","item":"https:\/\/www.niemisofa.ee\/fi\/tuotteet\/"},{"@type":"ListItem","position":3,"name":"SOUL kulmasohva"}]},{"@type":"WebSite","@id":"https:\/\/www.niemisofa.ee\/#website","url":"https:\/\/www.niemisofa.ee\/","name":"Niemi Sofa","description":"Soft furniture from Estonia!","publisher":{"@id":"https:\/\/www.niemisofa.ee\/#organization"},"potentialAction":[{"@type":"SearchAction","target":{"@type":"EntryPoint","urlTemplate":"https:\/\/www.niemisofa.ee\/?s={search_term_string}"},"query-input":{"@type":"PropertyValueSpecification","valueRequired":true,"valueName":"search_term_string"}}],"inLanguage":"en-GB"},{"@type":"Organization","@id":"https:\/\/www.niemisofa.ee\/#organization","name":"Niemi Sofa","url":"https:\/\/www.niemisofa.ee\/","logo":{"@type":"ImageObject","inLanguage":"en-GB","@id":"https:\/\/www.niemisofa.ee\/#\/schema\/logo\/image\/","url":"https:\/\/www.niemisofa.ee\/wp-content\/uploads\/2024\/02\/logo.jpg","contentUrl":"https:\/\/www.niemisofa.ee\/wp-content\/uploads\/2024\/02\/logo.jpg","width":254,"height":63,"caption":"Niemi Sofa"},"image":{"@id":"https:\/\/www.niemisofa.ee\/#\/schema\/logo\/image\/"},"sameAs":["https:\/\/www.facebook.com\/profile.php?id=61568583511594","https:\/\/www.instagram.com\/niemisofa\/"]}]}},"_links":{"self":[{"href":"https:\/\/www.niemisofa.ee\/en\/wp-json\/wp\/v2\/al_product\/6126","targetHints":{"allow":["GET"]}}],"collection":[{"href":"https:\/\/www.niemisofa.ee\/en\/wp-json\/wp\/v2\/al_product"}],"about":[{"href":"https:\/\/www.niemisofa.ee\/en\/wp-json\/wp\/v2\/types\/al_product"}],"version-history":[{"count":1,"href":"https:\/\/www.niemisofa.ee\/en\/wp-json\/wp\/v2\/al_product\/6126\/revisions"}],"predecessor-version":[{"id":6127,"href":"https:\/\/www.niemisofa.ee\/en\/wp-json\/wp\/v2\/al_product\/6126\/revisions\/6127"}],"wp:featuredmedia":[{"embeddable":true,"href":"https:\/\/www.niemisofa.ee\/en\/wp-json\/wp\/v2\/media\/6128"}],"wp:attachment":[{"href":"https:\/\/www.niemisofa.ee\/en\/wp-json\/wp\/v2\/media?parent=6126"}],"wp:term":[{"taxonomy":"al_product-cat","embeddable":true,"href":"https:\/\/www.niemisofa.ee\/en\/wp-json\/wp\/v2\/al_product-cat?post=6126"}],"curies":[{"name":"wp","href":"https:\/\/api.w.org\/{rel}","templated":true}]}}

<p>SOUL moduulikulmasohvan runko on valmistettu koivuvanerista ja mäntypuusta. Avokulma vasemmalla. Niskatyyny tilattava erikseen. Istuintyynyssä HR-35 ja selkätyynyssäHR-25 vaahtomuovi. Selkätyynyt käännettävissä, istuintyynyt kiinteät. Sohvan mukana toimitetaan koristetyynyt. Soul-moduuli-tuoteperhee voi koostua seuraavista osista: nojatuoli, pieni tai isompi rahi, 2-istuttava sohva, 3-istuttava sohva ja kulmasohva erilaisilla ja &#8211; kokoisilla istuinosilla.</p>

<!-- This site is optimized with the Yoast SEO plugin v28.3 - https://yoast.com/product/yoast-seo-wordpress/ -->
<title>SOUL kulmasohva - Niemi Sofa</title>
<meta name="robots" content="index, follow, max-snippet:-1, max-image-preview:large, max-video-preview:-1" />
<link rel="canonical" href="https://www.niemisofa.ee/en/tuotteet/soul-kulmasohva/" />
<meta property="og:locale" content="en_GB" />
<meta property="og:type" content="article" />
<meta property="og:title" content="SOUL kulmasohva - Niemi Sofa" />
<meta property="og:description" content="SOUL moduulikulmasohvan runko on valmistettu koivuvanerista ja mäntypuusta. Avokulma vasemmalla. Niskatyyny tilattava erikseen. Istuintyynyssä HR-35 ja selkätyynyssäHR-25 vaahtomuovi. Selkätyynyt käännettävissä, istuintyynyt kiinteät. Sohvan mukana toimitetaan koristetyynyt. Soul-moduuli-tuoteperhee voi koostua seuraavista osista: nojatuoli, pieni tai isompi rahi, 2-istuttava sohva, 3-istuttava sohva ja kulmasohva erilaisilla ja &#8211; kokoisilla istuinosilla." />
<meta property="og:url" content="https://www.niemisofa.ee/en/tuotteet/soul-kulmasohva/" />
<meta property="og:site_name" content="Niemi Sofa" />
<meta property="article:publisher" content="https://www.facebook.com/profile.php?id=61568583511594" />
<meta property="article:modified_time" content="2026-05-22T10:52:16+00:00" />
<meta property="og:image" content="https://www.niemisofa.ee/wp-content/uploads/2026/05/SOUL_avokulma_CORRECT-copy.png" />
	<meta property="og:image:width" content="1920" />
	<meta property="og:image:height" content="1280" />
	<meta property="og:image:type" content="image/png" />
<meta name="twitter:card" content="summary_large_image" />
<meta name="twitter:label1" content="Estimated reading time" />
	<meta name="twitter:data1" content="1 minute" />
<script type="application/ld+json" class="yoast-schema-graph">{"@context":"https:\/\/schema.org","@graph":[{"@type":"WebPage","@id":"https:\/\/www.niemisofa.ee\/tuotteet\/soul-kulmasohva\/","url":"https:\/\/www.niemisofa.ee\/tuotteet\/soul-kulmasohva\/","name":"SOUL kulmasohva - Niemi Sofa","isPartOf":{"@id":"https:\/\/www.niemisofa.ee\/#website"},"primaryImageOfPage":{"@id":"https:\/\/www.niemisofa.ee\/tuotteet\/soul-kulmasohva\/#primaryimage"},"image":{"@id":"https:\/\/www.niemisofa.ee\/tuotteet\/soul-kulmasohva\/#primaryimage"},"thumbnailUrl":"https:\/\/www.niemisofa.ee\/wp-content\/uploads\/2026\/05\/SOUL_avokulma_CORRECT-copy.png","datePublished":"2017-05-07T07:40:28+00:00","dateModified":"2026-05-22T10:52:16+00:00","breadcrumb":{"@id":"https:\/\/www.niemisofa.ee\/tuotteet\/soul-kulmasohva\/#breadcrumb"},"inLanguage":"en-GB","potentialAction":[{"@type":"ReadAction","target":["https:\/\/www.niemisofa.ee\/tuotteet\/soul-kulmasohva\/"]}]},{"@type":"ImageObject","inLanguage":"en-GB","@id":"https:\/\/www.niemisofa.ee\/tuotteet\/soul-kulmasohva\/#primaryimage","url":"https:\/\/www.niemisofa.ee\/wp-content\/uploads\/2026\/05\/SOUL_avokulma_CORRECT-copy.png","contentUrl":"https:\/\/www.niemisofa.ee\/wp-content\/uploads\/2026\/05\/SOUL_avokulma_CORRECT-copy.png","width":1920,"height":1280},{"@type":"BreadcrumbList","@id":"https:\/\/www.niemisofa.ee\/tuotteet\/soul-kulmasohva\/#breadcrumb","itemListElement":[{"@type":"ListItem","position":1,"name":"Home","item":"https:\/\/www.niemisofa.ee\/"},{"@type":"ListItem","position":2,"name":"Products","item":"https:\/\/www.niemisofa.ee\/fi\/tuotteet\/"},{"@type":"ListItem","position":3,"name":"SOUL kulmasohva"}]},{"@type":"WebSite","@id":"https:\/\/www.niemisofa.ee\/#website","url":"https:\/\/www.niemisofa.ee\/","name":"Niemi Sofa","description":"Pehme mööbel Eestist!","publisher":{"@id":"https:\/\/www.niemisofa.ee\/#organization"},"potentialAction":[{"@type":"SearchAction","target":{"@type":"EntryPoint","urlTemplate":"https:\/\/www.niemisofa.ee\/?s={search_term_string}"},"query-input":{"@type":"PropertyValueSpecification","valueRequired":true,"valueName":"search_term_string"}}],"inLanguage":"en-GB"},{"@type":"Organization","@id":"https:\/\/www.niemisofa.ee\/#organization","name":"Niemi Sofa","url":"https:\/\/www.niemisofa.ee\/","logo":{"@type":"ImageObject","inLanguage":"en-GB","@id":"https:\/\/www.niemisofa.ee\/#\/schema\/logo\/image\/","url":"https:\/\/www.niemisofa.ee\/wp-content\/uploads\/2024\/02\/logo.jpg","contentUrl":"https:\/\/www.niemisofa.ee\/wp-content\/uploads\/2024\/02\/logo.jpg","width":254,"height":63,"caption":"Niemi Sofa"},"image":{"@id":"https:\/\/www.niemisofa.ee\/#\/schema\/logo\/image\/"},"sameAs":["https:\/\/www.facebook.com\/profile.php?id=61568583511594","https:\/\/www.instagram.com\/niemisofa\/"]}]}</script>
<!-- / Yoast SEO plugin. -->

SOUL moduulikulmasohvan runko on valmistettu koivuvanerista ja mäntypuusta. Avokulma vasemmalla. Niskatyyny tilattava erikseen. Istuintyynyssä HR-35 ja selkätyynyssäHR-25 vaahtomuovi. Selkätyynyt käännettävissä, istuintyynyt kiinteät. Sohvan mukana toimitetaan koristetyynyt. Soul-moduuli-tuoteperhee voi koostua seuraavista osista: nojatuoli, pieni tai isompi rahi, 2-istuttava sohva, 3-istuttava sohva ja kulmasohva erilaisilla ja &#8211; kokoisilla istuinosilla.
